ided by 5?
2
Let f(j) = -j**2 + 4*j + 8. Let s be -16*(-1 - 4/(-8)). Let h be f(s). Let v = 3 - h. What is the remainder when v is divided by 15?
12
Suppose -18 = -p + 4*t, 87*t = -3*p + 84*t + 39. Let f(k) = -3*k. Calculate the remainder when p is divided by f(-1).
2
Suppose 0 = 5*l + 3*m - 116, -79 - 36 = -4*l + 5*m. Suppose -l = -4*h + 19. Calculate the remainder when 32 is divided by h.
10
Suppose -2 = 2*b + 4, -4*h + 501 = -3*b. Suppose h*k - 126*k + 159 = 0. Calculate the remainder when 102 is divided by k.
49
Let l(d) = d**3 + 6*d**2 + 8*d + 11. What is the remainder when 51 is divided by l(-4)?
7
Suppose 0 = -v - 0*v + 12. Suppose w + 6 = -u + 24, 5*u = w + v. Suppose 0*m = 2*m - 8, 2*g - 2*m = 8. Calculate the remainder when w is divided by g.
5
Let v = -448 - -481. What is the remainder when v is divided by 24?
9
Let g = 64 - 32. Let j = 44 - g. What is the remainder when 22 is divided by j?
10
What is the remainder when 151 is divided by 32/3*6/8?
7
Let v be 2/10 - (-54)/30. Let o(w) = 1 + 0*w + 2*w + 2*w**v - 6. Calculate the remainder when o(6) is divided by 27.
25
Let k(a) = a**3 - 3*a**2 + 3*a + 76. What is the remainder when k(0) is divided by 35?
6
Let k = -1165 + 1176. Calculate the remainder when 424 is divided by k.
6
Suppose -3*u - 87 = -4*d + 2*u, 3*u - 45 = -3*d. What is the remainder when 71 is divided by d?
17
Suppose -17*a = 15*a - 26048. What is the remainder when a is divided by 12?
10
Suppose -4*o = -2*l - 2608, -5*l - o - 2865 - 3622 = 0. Let p be l/(-16) + (-6)/48. Suppose -5*y + p = -2*y. What is the remainder when y is divided by 10?
7
Let i(p) = -3*p - 4. Let x be i(3). Let z = 16 + x. Suppose 0 = -5*l - 11 + 26. Calculate the remainder when z is divided by l.
0
Let l(o) = 31*o**2 - 2*o + 1. Let k be l(1). What is the remainder when 12/k - 218/(-5) is divided by 12?
8
Let b(v) = -v**3 + 3*v**2 + 4*v + 3. Calculate the remainder when b(3) is divided by 8.
7
Let h = 4 + -1. Suppose 0*j - 2*j = -z - 53, -4*j + 111 = h*z. Let p(w) = w**3 + 11*w**2 + 7*w - 20. What is the remainder when p(-9) is divided by j?
25
Let r = 184 + -43. What is the remainder when r is divided by 33?
9
Suppose -300 = 101*n - 103*n. Calculate the remainder when n is divided by 14.
10
Let g = 2192 - 2034. What is the remainder when g is divided by 87?
71
Let l = 85 - 74. Suppose -l + 19 = 4*k. Calculate the remainder when 8 is divided by k.
0
Suppose -1 = -4*x - 2*m + 29, -3*x + 2*m + 40 = 0. Calculate the remainder when 29 is divided by x.
9
Let s = 38 - 299. Let f = s + 378. What is the remainder when f is divided by 15?
12
Let u = -15 - 7. What is the remainder when 158 is divided by 253/u*(-1 + -1)?
20
Let m(v) = -v**3 - 2*v**2 + 136*v - 123. Let g = 40 + -17. What is the remainder when m(10) is divided by g?
14
Let i(z) = 9*z**2 + z - 2. Let y = 1923 - 1782. Calculate the remainder when y is divided by i(2).
33
Let f be 2*(9/(-6) - -2). Let z = f + 2. Suppose -5*i - 5*q - 19 + 124 = 0, -2*i + 41 = z*q. What is the remainder when i is divided by 12?
10
Let t = -21 + 34. Suppose -4*j - d = -139, j + 4*d - 33 = 2*d. What is the remainder when j is divided by t?
9
Let x(l) be the third derivative of -11*l**4/6 + 7*l**3/3 + 49*l**2. Calculate the remainder when x(-1) is divided by (-3)/(-6) - (-39)/2.
18
Let c be 4*4/16 + -9. Let o = 21 - 1. Calculate the remainder when o is divided by (-2)/c + 27/4.
6
Suppose -9*t + 6*t = 4*k - 813, -t + 405 = 2*k. Calculate the remainder when k is divided by 41.
37
Suppose 0 = -2*x - 2*q + 24, -6*x + 2*x + 4*q + 8 = 0. Suppose 2*s = x*s - 170. What is the remainder when s is divided by 18?
16
Let s(h) = 6*h**2 - 2*h. Let t be s(3). Suppose -t = -3*x - 0*x. What is the remainder when 18/39 - (-7260)/156 is divided by x?
15
Let a(r) = 6*r - 109. What is the remainder when 109 is divided by a(21)?
7
Let i = -16 - -55. Let t = 0 - 1. Calculate the remainder when i is divided by 8/3*(2 - t).
7
Calculate the remainder when 7/(28/8) - (12 - 684) is divided by 40.
34
Suppose -38*i + 5*y - 349 = -41*i, 4*i - 2*y = 474. What is the remainder when 244 is divided by i?
8
Let f(m) = m**3 - 12*m**2 - 3*m + 10. Let r be f(12). Let g = -19 - r. Calculate the remainder when 41 is divided by g.
6
Let p(b) = -b**3 + 2*b**2 + 3*b - 6. Let a be p(2). Suppose h + 15 = -y + 53, a = -3*h - 12. Let r = -21 + 32. What is the remainder when y is divided by r?
9
Let m = 273 + -256. What is the remainder when m is divided by 15?
2
Let n(m) = -m**2 - 7*m + 7. Calculate the remainder when 45*((-4)/10 + 1) is divided by n(-5).
10
Let i = -18 + 22. Let n be (6*-1)/(63/(-42)). Suppose n*j = -i*j + 112. Calculate the remainder when 54 is divided by j.
12
Let v(g) = -7*g - 51. Let z be v(-7). Let f(s) = s**3 + 5*s**2 - 4*s - 9. Calculate the remainder when 85 is divided by f(z).
8
Let m = 13 + 16. Let r(l) = -2*l**2 - 60*l - 107. What is the remainder when m is divided by r(-28)?
4
Let b = -8 - -36. Let x = -9 - -8. Let o(y) = -14*y**3 - y. Calculate the remainder when b is divided by o(x).
13
Let f(s) = 31*s - 420. What is the remainder when f(21) is divided by 29?
28
Suppose -217 - 88 = -5*q. Suppose 0 = -2*h - 0*d - d + q, h - 2*d - 43 = 0. What is the remainder when 196 is divided by h?
31
Let v be 189 + (-9)/15*-5. Suppose -4*d + v - 64 = 0. What is the remainder when d is divided by 17?
15
What is the remainder when 906 is divided by (-276)/(-17)*8 - (-50)/425?
126
Let w be 13 - (-1 + 2 - 3). Let c be (w/12)/((-2)/(-8)). Suppose 19 = t - 3*d, 4*t + 11 = c*d + 59. Calculate the remainder when t is divided by 5.
2
Let q(j) = -j**2 - 17*j - 44. What is the remainder when 394 is divided by q(-6)?
20
Suppose 51*w + 88 = 53*w + 3*q, w + 5*q = 44. Calculate the remainder when w is divided by 7.
2
Let t(o) = 3*o**2 + 3*o - 3. Calculate the remainder when 145 is divided by t(-3).
10
Let z(p) = -6*p**3 - p**2 + p - 2. Suppose -186 = -0*s - 6*s. Suppose -10*k + 119 = -s. Calculate the remainder when z(-2) is divided by k.
10
Suppose -19*v = -9*v - 260. Let o = -10 + 58. What is the remainder when o is divided by v?
22
Suppose y - 9 = 3*k + 9, -k - y = 2. What is the remainder when 167 is divided by 7 + 3*k/15?
5
Let y = 74 - 130. Let o = -36 - y. Suppose -5*r + o = -r. Calculate the remainder when 12 is divided by r.
2
Let d(a) = -8*a + 2. What is the remainder when 27/(-36) + ((-1626)/(-8))/3 is divided by d(-2)?
13
Let l be 5/1 - (18 - 18). Suppose -3*u - l*b + 116 = 0, -b + 30 = 3*u - 106. Calculate the remainder when 186 is divided by u.
45
Let a(y) = -2 + 3 - y**3 - y + 4*y**2 - 5*y**2. Let m(p) = 6*p**3 + 6*p + 2. Let j(f) = 5*a(f) + m(f). What is the remainder when j(5) is divided by 7?
5
Suppose 17*r = 21*r + 3*d - 2322, 5*r - 2920 = 5*d. Calculate the remainder when r is divided by 4.
2
Suppose -768 = 19*s - 2820. Let h(o) = o**3 + 2*o**2 - 3*o + 1. Calculate the remainder when s is divided by h(3).
34
Let s = 448 - 420. Calculate the remainder when 324 is divided by s.
16
Suppose -90 = 35*r - 41*r. What is the remainder when 133 is divided by r?
13
Let h = 284 - 145. What is the remainder when h is divided by 41?
16
Calculate the remainder when 102 is divided by 11 + (1 + -1 - (-3 + -1)).
12
Let p = 53 - 48. Suppose 9 = p*w - 11. Suppose -3*q = -38 - 4. What is the remainder when q is divided by w?
2
Suppose 3136 = 35*f - 3*f. Calculate the remainder when f is divided by 23.
6
Let k = -523 - -751. Calculate the remainder when k is divided by 46.
44
Suppose 2*c + 3*z = 73, -345*z + 139 = 4*c - 346*z. Suppose 5*h - 8 = 3*h. What is the remainder when c is divided by 10 + 1 - (h + -2)?
8
Let p(u) = 2*u**2 + 2*u - 2. Let m be p(-2). Suppose 8*q - 300 = 3*q. Suppose o + m*o = q. What is the remainder when 37 is divided by o?
17
Let r(x) = x**2 + 7. Let f = -11 - -16. Suppose f*u = 2*u. Calculate the remainder when r(u) is divided by 5.
2
Suppose -4*a + 21 = 2*w - 9, 0 = 3*a - 15. Suppose b + 4*b = -w*i - 105, 3*b - 3*i = -93. Calculate the remainder when 79 is divided by (-166)/(-6) + b/39.
25
Let z = 65 + 36. Let d(v) = -3*v + v + 2 + 27*v**3 - 1 + 0*v. Calculate the remainder when z is divided by d(1).
23
Suppose -2*t - 36 = 10*t. Calculate the remainder when t + 7 + -1 + 138 is divided by 11.
9
Let d(s) = 268*s**2 - 1. Suppose 2*w +